is the units digit of 1538?
8
What is the hundreds digit of 11716?
7
What is the tens digit of 14805?
0
What is the tens digit of 1328?
2
What is the units digit of 9796?
6
What is the units digit of 1441?
1
What is the thousands digit of 149648?
9
What is the hundreds digit of 1996?
9
What is the units digit of 29752?
2
What is the hundreds digit of 24824?
8
What is the thousands digit of 1673?
1
What is the hundreds digit of 16805?
8
What is the tens digit of 7173?
7
What is the tens digit of 40067?
6
What is the thousands digit of 7115?
7
What is the units digit of 30334?
4
What is the ten thousands digit of 12741?
1
What is the units digit of 6443?
3
What is the tens digit of 4706?
0
What is the tens digit of 314?
1
What is the tens digit of 22032?
3
What is the units digit of 2503?
3
What is the hundreds digit of 928?
9
What is the tens digit of 449?
4
What is the units digit of 1459?
9
What is the hundreds digit of 22834?
8
What is the ten thousands digit of 102109?
0
What is the units digit of 2827?
7
What is the hundreds digit of 22924?
9
What is the units digit of 33586?
6
What is the hundreds digit of 1914?
9
What is the thousands digit of 84146?
4
What is the thousands digit of 46895?
6
What is the units digit of 3232?
2
What is the ten thousands digit of 29430?
2
What is the thousands digit of 4813?
4
What is the tens digit of 85957?
5
What is the ten thousands digit of 36777?
3
What is the thousands digit of 17496?
7
What is the thousands digit of 17719?
7
What is the units digit of 2060?
0
What is the units digit of 2702?
2
What is the units digit of 1733?
3
What is the thousands digit of 2755?
2
What is the thousands digit of 9105?
9
What is the tens digit of 2710?
1
What is the hundreds digit of 10671?
6
What is the units digit of 30984?
4
What is the hundreds digit of 686?
6
What is the hundreds digit of 5843?
8
What is the tens digit of 40227?
2
What is the units digit of 62154?
4
What is the thousands digit of 2071?
2
What is the tens digit of 66372?
7
What is the thousands digit of 9548?
9
What is the tens digit of 28623?
2
What is the hundreds digit of 2506?
5
What is the hundreds digit of 3411?
4
What is the hundreds digit of 147?
1
What is the hundreds digit of 1289?
2
What is the units digit of 2103?
3
What is the hundreds digit of 1168?
1
What is the hundreds digit of 127430?
4
What is the ten thousands digit of 35671?
3
What is the units digit of 4479?
9
What is the hundreds digit of 4420?
4
What is the tens digit of 107?
0
What is the units digit of 2027?
7
What is the hundreds digit of 79308?
3
What is the thousands digit of 1002?
1
What is the hundreds digit of 502?
5
What is the units digit of 1762?
2
What is the thousands digit of 102229?
2
What is the tens digit of 47819?
1
What is the thousands digit of 1842?
1
What is the tens digit of 815?
1
What is the units digit of 58955?
5
What is the thousands digit of 2126?
2
What is the units digit of 1667?
7
What is the units digit of 4414?
4
What is the hundreds digit of 2390?
3
What is the tens digit of 1236?
3
What is the tens digit of 70176?
7
What is the tens digit of 129657?
5
What is the thousands digit of 56520?
6
What is the hundreds digit of 9590?
5
What is the units digit of 449?
9
What is the hundred thousands digit of 103934?
1
What is the units digit of 159170?
0
What is the tens digit of 339?
3
What is the ten thousands digit of 13356?
1
What is the thousands digit of 7179?
7
What is the thousands digit of 16559?
6
What is the tens digit of 43262?
6
What is the units digit of 53951?
1
What is the units digit of 3862?
2
What is the thousands digit of 5009?
5
What is the thousands digit of 8053?
8
What is the hundreds digit of 820?
8
What is the units digit of 57?
7
What is the hundreds digit of 139549?
5
What is the hundreds digit of 3845?
8
What is the hundreds digit of 852?
8
What is the ten thousands digit of 15794?
1
What is the thousands digit of 6332?
6
What is the ten thousands digit of 16127?
1
What is the hundreds digit of 19877?
8
What is the units digit of 171?
1
What is the hundreds digit of 35011?
0
What is the ten thousands digit of 76544?
7
What is the hundreds digit of 74155?
1
What is the tens digit of 7637?
3
What is the thousands digit of 4263?
4
What is the thousands digit of 26270?
6
What is the hundreds digit of 12966?
9
What is the tens digit of 4670?
7
What is the hundreds digit of 1919?
9
What is the tens digit of 9423?
2
What is the hundreds digit of 113300?
3
What is the tens digit of 124?
2
What is the tens digit of 455?
5
What is the hundreds digit of 7243?
2
What is the units digit of 33892?
2
What is the thousands digit of 1491?
1
What is the hundreds digit of 406?
4
What is the thousands digit of 4675?
4
What is the units digit of 5678?
8
What is the thousands digit of 31060?
1
What is the units digit of 1703?
3
What is the units digit of 17114?
4
What is the hundreds digit of 21307?
3
What is the units digit of 5578?
8
What is the units digit of 2788?
8
What is the tens digit of 50313?
1
What is the units digit of 4058?
8
What is the units digit of 1260?
0
What is the tens digit of 10690?
9
What is the tens digit of 1043?
4
What is the hundreds digit of 543?
5
What is the ten thousands digit of 132729?
3
What is the tens digit of 19307?
0
What is the hundreds digit of 487?
4
What is the hundreds digit of 310?
3
What is the hundred thousands digit of 161327?
1
What is the thousands digit of 54257?
4
What is the tens digit of 238?
3
What is the units digit of 12326?
6
What is the hundreds digit of 23432?
4
What is the tens digit of 6608?
0
What is the thousands digit of 2613?
2
What is the tens digit of 114?
1
What is the tens digit of 28927?
2
What is the hundreds digit of 2229?
2
What is the units digit of 33193?
3
What is the tens digit of 57?
5
What is the hundreds digit of 17366?
3
What is the thousands digit of 1488?
1
What is the tens digit of 50850?
5
What is the hundreds digit of 17073?
0
What is the hundreds digit of 1085?
0
What is the tens digit of 1575?
7
What is the tens digit of 75624?
2
What is the tens digit of 6169?
6
What is the hundreds digit of 6506?
5
What is the hundreds digit of 9421?
4
What is the tens digit of 5319?
1
What is the thousands digit of 9805?
9
What is the tens digit of 64107?
0
What is the hundred thousands digit of 105868?
1
What is the tens digit of 45676?
7
What is the units digit of 168?
8
What is the ten thousands digit of 75028?
7
What is the units digit of 168748?
8
What is the tens digit of 6556?
5
What is the units digit of 1871?
1
What is the hundreds digit of 142?
1
What is the hundreds digit of 918?
9
What is the units digit of 51376?
6
What is the tens digit of 12599?
9
What is the tens digit of 3682?
8
What is the hundreds digit of 2526?
5
What is the units digit of 8446?
6
What is the thousands digit of 6287?
6
What is the units digit of 2232?
2
What is the tens digit of 6797?
9
What is the ten thousands digit of 19642?
1
What is the thousands digit of 49024?
9
What is the units digit of 39088?
8
What is the tens digit of 10160?
6
What is the thousands digit of 1530?
1
What is the tens digit of 12656?
5
What is the units digit of 20685?
5
What is the thousands digit of 4218?
4
What is the hundreds digit of 852?
8
What is the ten thousands digit of 112515?
1
What is the units digit of 377?
7
What is the hundreds digit of 1278?
2
What is the tens digit of 1256?
5
What is the hundreds digit of 1146?
1
What is the ten thousands digit of 15846?
1
What is the thousands digit of 4360?
4
What is the units digit of 2751?
1
What is the tens digit of 5265?
6
What is the thousands digit of 2192?
2
What is the ten thousands digit of 23775?
2
What is the tens digit of 5547?
4
What is the tens digit of 2904?
0
What is the hundreds digit of 309?
3
What is the hundreds digit of 1668?
6
What is the hundreds digit of 32896?
8
What is the hundreds digit of 11194?
1
What is the tens digit of 194963?
6
What is the hundreds digit of 22884?
8
What is the tens digit of 75842?
4
What is the thousands digit of 6367?
6
What is the tens digit of 3379?
7
What is the units digit of 92229?
9
What is the ten thousands digit of 46028?
4
What is the units digit of 3311?
1
What is the tens digit of 38